 7809649 a composite number?
True
Is 3292865 a composite number?
True
Is 288969 a prime number?
False
Is 50335081 prime?
True
Is 446447623 composite?
False
Is 857309 prime?
True
Is 134319863 composite?
True
Is 252456989 a prime number?
True
Is 95948921 prime?
False
Is 1033561 a prime number?
False
Is 9255533 a composite number?
True
Is 1065109 prime?
True
Is 58380239 a prime number?
True
Is 7360247 a prime number?
False
Is 25288463 prime?
True
Is 44049223 prime?
False
Is 7289351 a composite number?
True
Is 9710567 composite?
False
Is 128325283 a prime number?
True
Is 4480291 a prime number?
True
Is 823649 prime?
False
Is 2320423 a prime number?
False
Is 1903441 composite?
False
Is 11395759 a prime number?
False
Is 21377 a composite number?
False
Is 16756447 a prime number?
True
Is 5519879 composite?
False
Is 4457197 a prime number?
True
Is 1376897 composite?
False
Is 21766891 a prime number?
False
Is 36850469 prime?
False
Is 38428219 prime?
False
Is 1024357 a composite number?
False
Is 892230683 composite?
False
Is 15806519 a composite number?
False
Is 44239379 composite?
False
Is 3081997 a prime number?
False
Is 213739 composite?
True
Is 935898611 a composite number?
False
Is 1218753421 a composite number?
False
Is 45088733 a composite number?
False
Is 9538367 a prime number?
True
Is 1978343 a prime number?
True
Is 14624801 a composite number?
False
Is 319575694 a composite number?
True
Is 59467459 a prime number?
True
Is 547583 a composite number?
False
Is 12199507 composite?
False
Is 796801259 a composite number?
True
Is 2696933 a prime number?
False
Is 239831 a composite number?
False
Is 1012355 a composite number?
True
Is 7063 a prime number?
False
Is 1195801 prime?
True
Is 3547741 a composite number?
False
Is 54103219 prime?
True
Is 478659833 a prime number?
True
Is 11110157 prime?
False
Is 1059743 composite?
False
Is 16746467 composite?
True
Is 162688937 a prime number?
True
Is 198274441 composite?
False
Is 18380977 composite?
True
Is 354916513 a composite number?
True
Is 1120109 prime?
True
Is 474155173 a prime number?
True
Is 1836151 composite?
False
Is 201742447 a composite number?
False
Is 4468927 prime?
True
Is 1038062 composite?
True
Is 2096319 a composite number?
True
Is 174664079 a composite number?
True
Is 606397 a prime number?
False
Is 8876733 composite?
True
Is 57263449 a prime number?
True
Is 13371361 prime?
True
Is 87953233 a prime number?
True
Is 1403027297 a composite number?
True
Is 105256859 a composite number?
False
Is 24512809 a composite number?
False
Is 1299583 a composite number?
False
Is 3978167 a composite number?
False
Is 46036821 a prime number?
False
Is 1261027 a composite number?
True
Is 11557037 a composite number?
False
Is 11369135 a prime number?
False
Is 843109 prime?
False
Is 7303973 a composite number?
False
Is 160619 a composite number?
False
Is 29961674 prime?
False
Is 42653321 prime?
False
Is 4157911 a prime number?
False
Is 54166529 a prime number?
False
Is 2735638 a prime number?
False
Is 24486443 a composite number?
True
Is 57941731 a prime number?
False
Is 6188681 a prime number?
True
Is 2326354279 prime?
True
Is 8845517 prime?
True
Is 822304117 a prime number?
False
Is 1508071 composite?
True
Is 1256587 a prime number?
True
Is 1266387 a prime number?
False
Is 478581703 a composite number?
False
Is 9203167 a composite number?
True
Is 21886759 a prime number?
False
Is 1666519 composite?
False
Is 16040909 a composite number?
False
Is 2766713 a composite number?
False
Is 8855183 composite?
False
Is 115800569 a composite number?
True
Is 2488043 a composite number?
False
Is 99594247 composite?
False
Is 112013713 a prime number?
False
Is 3222337 prime?
True
Is 2590349 a composite number?
False
Is 1373761 a prime number?
True
Is 965357 composite?
False
Is 15565423 a prime number?
True
Is 138727499 prime?
False
Is 5463943 a prime number?
False
Is 6206414 prime?
False
Is 2162057 a composite number?
False
Is 9534403 a prime number?
True
Is 278351 prime?
False
Is 119455757 a composite number?
False
Is 42168017 a prime number?
True
Is 5569163 composite?
False
Is 11254679 a composite number?
False
Is 11677777 a composite number?
True
Is 120851749 a prime number?
True
Is 260702329 composite?
True
Is 212966791 a composite number?
False
Is 35702377 prime?
True
Is 10318929 composite?
True
Is 140701 prime?
False
Is 14607721 prime?
True
Is 17120497 a composite number?
False
Is 9444587 composite?
False
Is 4884907 composite?
False
Is 242197 prime?
True
Is 5848795 prime?
False
Is 17681051 prime?
False
Is 26235293 prime?
False
Is 12173353 prime?
True
Is 10545023 a composite number?
False
Is 564066187 prime?
False
Is 13031159 a prime number?
True
Is 13644835 composite?
True
Is 50757689 a prime number?
True
Is 56588621 prime?
False
Is 52443259 a prime number?
False
Is 47658727 a composite number?
False
Is 3403097 a prime number?
False
Is 457801 a prime number?
False
Is 109787 a composite number?
True
Is 2787593 prime?
True
Is 6371537 prime?
True
Is 88061453 prime?
False
Is 2492417 composite?
False
Is 807523 a prime number?
True
Is 27475199 a composite number?
False
Is 118262173 prime?
False
Is 74976749 composite?
True
Is 201823157 a composite number?
False
Is 43790983 composite?
True
Is 16286507 composite?
True
Is 65171 a composite number?
False
Is 301491053 a prime number?
True
Is 109745089 composite?
False
Is 126456873 a composite number?
True
Is 1371083 a composite number?
True
Is 4065059 a composite number?
False
Is 4439633 a prime number?
False
Is 50777273 prime?
True
Is 570971 a composite number?
True
Is 14663771 a composite number?
True
Is 2605579 a composite number?
False
Is 686234333 prime?
False
Is 3579659 a prime number?
False
Is 113095121 prime?
False
Is 95169985 prime?
False
Is 7272191 prime?
True
Is 561680783 a composite number?
False
Is 202676545 prime?
False
Is 19905943 prime?
True
Is 180480679 a prime number?
True
Is 14220667 prime?
True
Is 165606217 a composite number?
True
Is 19790977 composite?
True
Is 6350621 a prime number?
True
Is 25054459 composite?
False
Is 2311469 a prime number?
True
Is 3872587 a composite number?
False
Is 89158123 a prime number?
False
Is 125399 a prime number?
True
Is 13236719 composite?
False
Is 81015631 a composite number?
True
Is 448502 a composite number?
True
Is 76869157 composite?
True
Is 26837102 composite?
True
Is 703983791 composite?
True
Is 283450353 composite?
True
Is 1240483 composite?
False
Is 38943649 a prime number?
False
Is 76002247 composite?
False
Is 562421819 a composite number?
False
Is 73404593 prime?
True
Is 94040249 a prime number?
True
Is 174278771 composite?
True
Is 161010569 composite?
True
Is 16657859 composite?
True
Is 20750027 a composite number?
False
Is 135342881 a prime number?
False
Is 5655607 a composite number?
False
Is 16200517 a composite number?
True
Is 65636833 a prime number?
False
Is 39080003 a composite number?
True
Is 11840303 a composite number?
False
Is 38134277 composite?
False
Is 1248941 a composite number?
False
Is 2384549 composite?
True
Is 156407 a composite number?
True
Is 301877949 prime?
False
Is 131738213 a prime number?
False
Is 54224767 prime?
True
Is 25545739 a prime number?
True
Is 12353839 composite?
True
Is 14157497 a composite number?
True
Is 68123039 prime?
True
Is 10160693 prime?
True
Is 4260931 composite?
True
Is 2169815 composite?
True
Is 3681631 a composite number?
True
Is 186654613 a prime number?
False
Is 55511177 composite?
True
Is 18867367 prime?
True
Is 19276073 prime?
True
Is 385799377 a prime number?
False
Is 658001 a composite number?
False
Is 59869193 prime?
True
Is 2446721 prime?
False
Is 26196017 prime?
True
Is 63432959 a composite number?
False
Is 5121323 composite?
False
Is 35503057 composite?
True
Is 6213679 a composite number?
False
Is 83161061 a prime number?
True
Is 3762799 a composite number?
False
Is 9443573 a prime number?
True
Is 779623 prime?
False
Is 196548719 prime?
True
Is 300878483 a prime number?
True
Is 124432877 a prime number?
False
Is 50215514 a prime number?
False
Is 242246 a prime number?
False
Is 3623741 prime?
False
Is 115092359 a composite number?
False
Is 5769017 a composite number?
False
Is 83799187 a prime number?
True
Is 12485897 composite?
False
Is 189644597 prime?